6
Calculate the highest common divisor of 2 and 832563.
1
Calculate the greatest common divisor of 1550 and 11850.
50
Calculate the greatest common factor of 4146 and 30.
6
What is the greatest common factor of 1189 and 236669?
29
What is the greatest common factor of 2893842 and 357?
357
What is the greatest common factor of 112 and 705712?
112
What is the highest common divisor of 783 and 10440?
261
Calculate the greatest common factor of 6580215 and 11925.
2385
What is the highest common factor of 177 and 149?
1
What is the highest common divisor of 168 and 94632?
24
Calculate the greatest common divisor of 7266 and 14028.
42
Calculate the highest common divisor of 446 and 57088.
446
Calculate the highest common divisor of 362 and 99007.
181
What is the greatest common divisor of 7496 and 158?
2
What is the highest common factor of 44857 and 248?
31
Calculate the greatest common divisor of 469713 and 2436.
87
What is the highest common factor of 162 and 3258?
18
What is the highest common factor of 68072 and 2540?
508
Calculate the greatest common factor of 2662 and 6556.
22
What is the greatest common factor of 2472 and 81164?
412
What is the greatest common factor of 6069 and 2091?
51
What is the greatest common factor of 12336 and 70032?
48
Calculate the greatest common factor of 85301 and 866.
433
What is the greatest common factor of 28696 and 238?
34
Calculate the greatest common factor of 306211 and 29.
29
What is the highest common factor of 232 and 694956?
116
Calculate the highest common factor of 72 and 4078746.
18
What is the highest common divisor of 20 and 213860?
20
What is the highest common divisor of 14063 and 5488?
343
What is the greatest common factor of 8878 and 19686?
386
What is the highest common divisor of 356170 and 10?
10
Calculate the highest common factor of 15712510 and 110.
110
What is the highest common divisor of 162 and 244?
2
What is the highest common divisor of 233 and 476252?
233
What is the highest common divisor of 4 and 500932?
4
What is the highest common factor of 941507 and 7?
7
What is the greatest common divisor of 273 and 73086?
39
Calculate the highest common factor of 15 and 3874285.
5
What is the greatest common divisor of 2115 and 5625?
45
Calculate the highest common factor of 11 and 1123859.
11
What is the greatest common divisor of 14 and 20566?
14
What is the highest common factor of 4230 and 9306?
846
Calculate the greatest common divisor of 12 and 32056.
4
What is the greatest common factor of 7221 and 1044?
87
What is the highest common divisor of 1123387 and 2569?
367
What is the highest common divisor of 800 and 38000?
400
What is the greatest common divisor of 1904 and 18592?
112
Calculate the greatest common divisor of 753 and 7617.
3
Calculate the highest common divisor of 11 and 7920.
11
Calculate the greatest common factor of 637 and 35477.
13
What is the highest common divisor of 456765 and 14985?
555
What is the highest common factor of 75082 and 8996?
346
What is the greatest common divisor of 3405 and 770?
5
What is the greatest common factor of 1050 and 72870?
210
What is the greatest common factor of 14 and 1074962?
14
Calculate the greatest common factor of 9390 and 90.
30
Calculate the greatest common factor of 118 and 5059309.
59
What is the greatest common factor of 1079 and 175130?
83
Calculate the highest common divisor of 4888 and 131224.
376
Calculate the greatest common factor of 121330 and 9927.
1103
Calculate the greatest common divisor of 648 and 9084.
12
Calculate the highest common divisor of 1070623 and 446.
223
Calculate the greatest common divisor of 145 and 501120.
145
What is the highest common divisor of 315 and 22320?
45
Calculate the highest common factor of 136 and 154139.
17
What is the highest common divisor of 19881 and 9306?
423
Calculate the highest common divisor of 41265 and 28.
7
What is the highest common divisor of 6023 and 437?
19
What is the highest common factor of 3647 and 7?
7
Calculate the greatest common factor of 118341 and 486.
243
What is the highest common factor of 41021 and 714?
17
Calculate the highest common divisor of 20 and 872290.
10
What is the highest common divisor of 177 and 66?
3
What is the highest common factor of 1 and 32886?
1
What is the greatest common divisor of 457275 and 39?
39
Calculate the highest common factor of 28379 and 52.
13
What is the highest common factor of 558 and 591387?
93
What is the highest common factor of 35 and 338940?
35
What is the highest common divisor of 4979 and 7277?
383
What is the highest common divisor of 191329 and 293?
293
Calculate the highest common divisor of 4 and 1262.
2
What is the greatest common divisor of 25896 and 13728?
312
What is the highest common factor of 149248 and 396?
44
What is the highest common factor of 126 and 28?
14
What is the highest common factor of 51 and 432412?
17
Calculate the highest common factor of 43 and 7118779.
43
Calculate the highest common divisor of 55510 and 140.
70
What is the greatest common factor of 11584 and 960?
64
What is the highest common divisor of 400 and 3728?
16
Calculate the highest common factor of 9056 and 56.
8
What is the highest common divisor of 757207 and 19?
19
What is the greatest common factor of 6302 and 12056?
274
Calculate the highest common divisor of 4675 and 1265.
55
What is the greatest common divisor of 264 and 92532?
132
What is the highest common factor of 379852 and 550?
22
Calculate the highest common factor of 8415 and 825.
165
Calculate the greatest common divisor of 28 and 5481.
7
Calculate the highest common factor of 2184 and 373191.
273
Calculate the greatest common factor of 14 and 17454.
2
What is the highest common factor of 201294 and 18?
18
What is the greatest common factor of 161 and 16079?
7
What is the greatest common factor of 698 and 6031418?
698
What is the highest common divisor of 8241 and 1353?
123
Calculate the highest common divisor of 84 and 161168.
28
Calculate the greatest common divisor of 386 and 98.
2
Calculate the highest common factor of 171 and 411787.
19
What is the highest common divisor of 170 and 24905?
85
Calculate the greatest common factor of 935 and 178310.
55
What is the highest common factor of 33694 and 18?
2
Calculate the greatest common factor of 7680 and 1.
1
Calculate the highest common factor of 78749 and 44.
11
Calculate the greatest common divisor of 14 and 2876762.
14
Calculate the highest common divisor of 24038 and 17675.
707
What is the greatest common factor of 438 and 143445?
219
Calculate the highest common factor of 602 and 47971.
7
What is the greatest common divisor of 28487 and 7472?
467
What is the highest common divisor of 388 and 22369364?
388
Calculate the highest common factor of 2060121 and 63.
21
Calculate the greatest common factor of 1462 and 2890.
34
Calculate the highest common factor of 3800 and 536.
8
Calculate the greatest common divisor of 1 and 721634.
1
Calculate the greatest common divisor of 88825 and 855.
95
Calculate the highest common divisor of 1824 and 90516.
228
Calculate the greatest common factor of 64332 and 156.
12
What is the highest common divisor of 12636 and 1300?
52
What is the highest common factor of 14 and 569982?
14
Calculate the greatest common factor of 18338 and 133348.
106
What is the greatest common divisor of 96950 and 1050?
350
Calculate the highest common divisor of 102 and 20946.
6
What is the highest common divisor of 1755716 and 248?
124
What is the highest common factor of 90 and 1315?
5
What is the highest common divisor of 183419 and 149?
149
Calculate the highest common divisor of 4572 and 80.
4
Calculate the highest common factor of 65 and 204503.
13
What is the highest common factor of 3152 and 34081?
197
What is the greatest common factor of 100344 and 240?
24
Calculate the highest common factor of 816 and 77792.
272
Calculate the highest common factor of 2444 and 2340.
52
Calculate the greatest common factor of 270950 and 590.
10
What is the greatest common factor of 182 and 833534?
26
What is the highest common factor of 16 and 682376?
8
What is the greatest common divisor of 18483 and 305?
61
Calculate the greatest common divisor of 16 and 38416.
16
Calculate the greatest co